).
34
Let n(t) = -2072*t + 26931. Give n(13).
-5
Let w(t) = -25*t + 1196. Give w(44).
96
Let o(y) = 8*y**2 - 42*y + 33. What is o(4)?
-7
Let c(t) = 2027*t - 2034. Calculate c(1).
-7
Let q(z) = 5*z**2 - 55*z + 301. Calculate q(6).
151
Let x(i) = i**3 - 6*i**2 - 100*i + 663. What is x(7)?
12
Let c(u) = -u**3 - 87*u**2 - 496*u + 68. Calculate c(-6).
128
Let y(p) = p**3 - 4*p**2 - 26*p + 5. Give y(0).
5
Let x(k) = 6*k**2 - 4*k + 16. Calculate x(2).
32
Let z(w) = w**2 + 8*w - 48. Determine z(-11).
-15
Let q(r) = -2*r**2 - 46*r - 43. Calculate q(-1).
1
Let r(i) = -2*i**3 + 30*i**2 - 50*i - 29. Determine r(13).
-3
Let y(r) = -18*r + 15. Determine y(1).
-3
Let j(g) = g**3 + 18*g**2 - 88*g + 19. Determine j(-22).
19
Let a(y) = y**2 - 105*y + 1437. Give a(89).
13
Let r(g) = -33*g + 625. Determine r(19).
-2
Let o(j) = 134*j + 2140. Calculate o(-16).
-4
Let i(f) = f**3 - 2*f**2 - 10*f + 61. Determine i(-5).
-64
Let l(m) = -m**3 - 41*m**2 - 308*m + 20. Give l(-10).
0
Let v(t) = -4*t**3 + 8*t**2 + t - 7. Calculate v(2).
-5
Let x(a) = 118*a + 12156. Determine x(-103).
2
Let v(s) = 2*s**3 - 2*s**2 - 42*s - 3. Determine v(-4).
5
Let o(k) = 4*k**3 + 152*k**2 - 66. What is o(-38)?
-66
Let n(v) = v**3 + 10*v**2 - 53*v + 36. Determine n(-14).
-6
Let t(q) = -193*q + 1281. What is t(7)?
-70
Let o(l) = 404*l + 2671. Calculate o(-6).
247
Let z(l) = -l**3 - 8*l**2 - 29*l - 86. What is z(-8)?
146
Let f(i) = i**3 - 24*i**2 - 96*i + 1149. What is f(26)?
5
Let k(w) = -74*w**3 + 2*w + 7. Calculate k(-2).
595
Let c(q) = 5*q**2 + 14*q - 38. Give c(2).
10
Let h(u) = -u**3 + 8*u**2 - 26*u + 142. Give h(7).
9
Let t(l) = 19*l + 21. Determine t(8).
173
Let c(z) = -z**2 - 333*z + 668. Determine c(2).
-2
Let z(p) = -23*p**2 + 33*p - 9. What is z(2)?
-35
Let x(c) = c**3 + 11*c**2 - 15*c - 97. Give x(-11).
68
Let z(u) = -15*u + 1851. Determine z(129).
-84
Let m(j) = -j**3 + 5*j**2 + 207*j + 1. What is m(-12)?
-35
Let y(t) = t**3 - 14*t**2 + 8*t - 115. What is y(14)?
-3
Let j(d) = d**2 - 20*d + 171. Calculate j(10).
71
Let o(l) = 3347*l + 13394. Determine o(-4).
6
Let x(n) = 344*n + 3712. Calculate x(-11).
-72
Let z(v) = 155*v**2 - 4806*v - 18. Give z(31).
-49
Let a(k) = 2*k**3 - 9*k**2 + 19*k - 59. Calculate a(4).
1
Let s(r) = -4*r**2 + 3*r + 9. What is s(-1)?
2
Let k(v) = 31*v**3 - 28*v**2 - 63*v - 1. Give k(-2).
-235
Let t(r) = 468*r - 4210. Give t(9).
2
Let a(d) = 765*d + 1524. Determine a(-2).
-6
Let l(z) = 2*z**2 + 21*z - 11731. Determine l(-82).
-5
Let s(k) = k**2 + 573*k - 1733. Calculate s(3).
-5
Let j(l) = l**3 + 12*l**2 + 26*l + 71. What is j(-10)?
11
Let m(w) = 57*w - 5. Calculate m(4).
223
Let g(v) = -4*v**3 + 98*v**2 + 50*v + 53. Determine g(25).
53
Let q(c) = c**3 - 13*c**2 + 21*c + 26. Calculate q(11).
15
Let s(z) = -228*z + 1172. Determine s(5).
32
Let s(x) = x**2 + 16*x + 3. Calculate s(-7).
-60
Let o(y) = y**3 - y**2 + 23*y - 174. What is o(5)?
41
Let l(d) = 30*d - 543. Determine l(22).
117
Let a(c) = 46*c - 39. What is a(0)?
-39
Let r(q) = -2*q**3 - 37*q - 223. Calculate r(-6).
431
Let i(x) = x**3 - 30*x**2 + 212*x - 37. Give i(11).
-4
Let b(f) = f**3 + 48*f**2 + 24*f - 1084. Give b(-47).
-3
Let d(x) = 5*x**2 - 72*x + 281. Calculate d(8).
25
Let a(h) = -h**3 - 7*h**2 - 18*h - 32. What is a(-5)?
8
Let j(k) = 10*k - 136. Calculate j(-10).
-236
Let s(i) = -3*i**3 - i**2 + 18*i + 21. Calculate s(-1).
5
Let u(i) = 2*i**3 + 23*i**2 + 11*i - 4. What is u(-11)?
-4
Let t(m) = -42*m + 2234. Give t(53).
8
Let l(w) = 37*w - 13. Give l(-6).
-235
Let x(h) = 223*h + 96. Give x(-3).
-573
Let a(f) = -164*f + 650. Determine a(4).
-6
Let i(s) = -2*s**2 + 215*s - 4893. What is i(75)?
-18
Let p(v) = -v**3 - 58*v**2 + 249*v + 85. What is p(-62)?
23
Let s(u) = -u**2 + 135*u + 80424. Determine s(-224).
8
Let k(i) = 3*i**3 + 64*i**2 + 87*i + 124. Calculate k(-20).
-16
Let w(p) = 36*p**2 + 2*p - 2. Calculate w(1).
36
Let o(u) = u**3 - 25*u**2 - 8*u + 193. Determine o(25).
-7
Let u(i) = -i**3 + 19*i**2 + 15*i + 118. Determine u(20).
18
Let f(z) = z**2 - 8*z - 5591. Determine f(78).
-131
Let x(t) = t**3 - 96*t**2 - 195*t - 76. What is x(98)?
22
Let s(t) = t**3 + 2*t**2 - 7*t + 16. Determine s(2).
18
Let k(m) = -15*m**2 - 14*m + 21. Give k(5).
-424
Let y(x) = -86*x - 1964. Give y(-23).
14
Let d(z) = z**2 - 788*z - 7972. Calculate d(-10).
8
Let h(n) = 19*n + 1045. Calculate h(-62).
-133
Let o(i) = -59*i + 2023. Determine o(32).
135
Let b(c) = 7*c - 46. Calculate b(0).
-46
Let w(q) = -q**3 + 28*q + 14. Give w(6).
-34
Let f(v) = v**2 - 34*v - 1828. What is f(63)?
-1
Let m(b) = 2*b**3 - 50*b**2 + 23*b + 45. Give m(24).
-555
Let k(w) = -4*w**2 - 113*w + 687. What is k(-33)?
60
Let t(u) = 3*u**2 - 56*u + 1. Determine t(20).
81
Let p(n) = 13*n**2 - 119*n + 628. Give p(5).
358
Let y(d) = -d**3 + 18*d**2 - 27*d - 15. What is y(16)?
65
Let k(a) = 176*a - 6698. What is k(38)?
-10
Let v(g) = -34*g**2 + 1527*g + 138. Determine v(45).
3
Let n(s) = s**2 - 66*s + 1060. Calculate n(35).
-25
Let j(n) = 17*n + 1. Give j(-7).
-118
Let o(d) = -d**3 - 8*d**2 + 34*d - 39. Determine o(-11).
-50
Let h(p) = 8*p**2 - 95*p - 21. Give h(11).
-98
Let p(v) = -9*v**3 + 100*v**2 - 13*v - 33. What is p(11)?
-55
Let d(l) = -40208*l - 160832. Give d(-4).
0
Let r(f) = -f**3 - 21*f**2 - 103*f + 27. What is r(-13)?
14
Let n(z) = 1112*z - 14457. Determine n(13).
-1
Let x(p) = -45*p + 328. Give x(8).
-32
Let v(q) = q**3 - 23*q**2 + 130*q - 283. Give v(17).
193
Let d(p) = 2*p**3 - 62*p**2 - 66*p + 54. What is d(32)?
-10
Let l(o) = -71*o + 793. What is l(12)?
-59
Let o(v) = v**3 - 13*v + 14. Calculate o(1).
2
Let h(y) = 305*y + 20480. What is h(-67)?
45
Let b(m) = 109*m + 1811. Determine b(-16).
67
Let b(s) = s**2 - 34*s + 69. Determine b(29).
-76
Let n(a) = 109*a - 2840. What is n(26)?
-6
Let w(r) = 713*r - 6412. Calculate w(9).
5
Let c(r) = 11*r - 155. Determine c(26).
131
Let q(h) = -78*h**2 - 626*h - 6. What is q(-8)?
10
Let x(o) = -o**3 - 35*o**2 - 34*o. What is x(-1)?
0
Let v(u) = -u**2 + 5*u + 41. Give v(-7).
-43
Let h(j) = -j**3 - 16*j**2 - 21*j - 39. What is h(-13)?
-273
Let o(l) = -2*l**3 - 8*l**2 + 10*l + 14. Determine o(-5).
14
Let w(d) = 7*d**2 - 253*d + 117. Give w(36).
81
Let m(b) = -b**3 - 54*b**2 - 471*b + 170. Determine m(-43).
84
Let u(d) = d**2 + 16*d + 46. What is u(-4)?
-2
Let o(p) = -5*p - 151. Give o(-18).
-61
Let q(r) = -53*r - 139. Give q(0).
-139
Let a(q) = q**3 - 8*q**2 - 113*q + 919. What is a(8)?
15
Let l(d) = 132*d + 9909. Determine l(-75).
9
Let f(u) = 65*u + 798. Calculate f(-12).
18
Let o(b) = -193*b - 967. Calculate o(-5).
-2
Let k(h) = -148*h + 999. What is k(9)?
-333
Let i(n) = 47*n - 576. Give i(12).
-12
Let g(f) = -2*f**2 - 25*f - 70. Calculate g(-7).
7
Let y(f) = 12*f + 67. Determine y(25).
367
Let m(z) = 27*z + 232. Determine m(-2).
178
Let p(q) = 180*q - 1507. Determine p(8).
-67
Let k(d) = d**3 - 231*d**2 + 44*d - 10172. Give k(231).
-8
Let x(b) = -b**3 - 29*b**2 - 24*b + 133. Determine x(-28).
21
Let r(n) = n**3 - 46*n**2 - 3*n + 148. What is r(46)?
10
Let o(w) = 66*w - 2. Give o(-4).
-266
Let t(p) = -p**2 + 17*p - 102. Give t(13).
-50
Let m(u) = u**2 + 66*u - 432. What is m(-72)?
0
Let x(l) = -l**2 + 33*l + 493. Calculate x(34).
459
Let g(k) = 5*k**2 + 222*k + 82. Determine g(-44).
-6
Let g(z) = 281*z**2 - 834*z - 21. What is g(3)?
6
Let u(y) = -y**3 + 7*y**2 + 7*y - 12. What is u(8)?
-20
Let b(i) = -i**3 + 19*i**2 - 36*i - 15. What is b(14)?
461
Let f(m) = -9*m - 133. What is f(-15)?
2
Let k(c) = 55*c - 5540. Determine k(100).
-40
Let x(r) = 4*r**3 - 299*r**2 - 70*r - 385. Determine x(75).
-10
Let u(g) = -3534*g + 24705. Determine u(7).
-33
Let h(q) = 28*q**3 - 5*q**2 + 5*q. Calculate h(1).
28
Let k(m) = m**3 + 148*m**2 + 1116*m - 538. Calculate k(-140).
22
Let s(n) = -6*n**2 - 75*n + 5. What is s(-13)?
-34
Let y(m) = -m**3 + 61*m**2 + 63*m - 60. Calculate y(62).
2
Let s(p) = p**2 - 54*p + 597. What is s(42)?
93
Let x(c) = c**2 - 57*c + 81. Calculate x(50).
-269
Let f(i) = -1849*i + 22186. What is f(12)?
-2
Let g(q) = -10*q + 4. What is g(1)?
-6
Let x(q) = -2*q**3 + 135*q**2 - 449*q + 40. Calculate x(64).
-24
Let u(m) = 885*m - 5145. Calculate u(6).
165
Let w(l) = -l**3 + 12*l**2 - 28*l + 335. Calculate w(12).
-1
Let l(q) = 70*q**2 + 699*q - 10. Give l(-10).
0
Let d(b) = -63*b + 439. Ca